 Let j(x) be the third derivative of f(x). Give j(-1).
-4
Let g be (-69)/(-21) + (-2)/7. Suppose 5*b + 4*n - 50 = 0, 2*b - 10 = g*n + 10. Let z = 5 - b. Let o(a) = -a**3 - 5*a**2 - 2*a - 5. What is o(z)?
5
Let u(k) = -k**2 + k - 1. Let r(g) = -3*g**2 - g - 1. Let n(w) = -r(w) + 4*u(w). Let l(q) = -2*q**2 + 11*q - 3. Let t be l(5). Calculate n(t).
3
Let b(u) be the first derivative of -u**4/4 + 7*u**3/3 + 4*u**2 + 2*u - 1470. Let x be ((-11)/3 - -1)*-3. Determine b(x).
2
Let g(f) = f**2 - 6*f + 8. Suppose -6*y = -52 + 22. Calculate g(y).
3
Let u(z) = -z**3 - 8*z**2 + 11*z + 9. Suppose f - 5*f = -5*r - 69, -5*f + r = -60. Suppose 5*b + f = -4*v - 10, -3 = -b. Determine u(v).
-9
Let s be 0 + (13 - (-3 - -1)). Suppose v + 2*v - s = 0. Let a(p) be the third derivative of -p**6/120 + p**5/15 + p**4/3 - 5*p**3/6 + 19482*p**2. What is a(v)?
10
Suppose 5*q + 8 = 3*q. Let d(i) = -2. Let g(y) = -y - 14. Let l(j) = -4*d(j) + g(j). Calculate l(q).
-2
Let n(r) be the first derivative of r**6/15 - r**5/60 - r**4/24 + r**3/6 + r**2 - 10. Let a(x) be the second derivative of n(x). Calculate a(1).
7
Let h(k) = -k**3 - k**2 + 7. Suppose 40 = 3*c + 4*f, -c + 2*f - 4*f = -16. Suppose -5 = -5*y + l, y = -4*l + c - 28. Give h(y).
7
Let v(b) = -45*b + 147. Let n be v(3). Let z(c) = 2*c**2 - 24*c + 2. Give z(n).
2
Let f(r) be the first derivative of -5*r**3/3 - 3*r - 11. Let c(v) = 11*v**2 + 6. Let s(h) = 6*c(h) + 13*f(h). Determine s(-3).
6
Let i(a) be the first derivative of -a**3/3 - 7*a**2/2 + 6*a - 274. Give i(-7).
6
Let s(f) = f**2 + 6*f - 5. Let p be s(-7). Let c(n) = 13*n + 1. Let j(i) = 12*i + 1. Let k(z) = p*c(z) - 3*j(z). Determine k(2).
-21
Suppose -20 = -q - 8. Suppose -8 = -4*u - q. Let a(x) = 7*x**3 + 4*x + 3. Let s(l) = -13*l**3 - 9*l - 7. Let c(w) = 5*a(w) + 2*s(w). Calculate c(u).
-10
Let y(g) = 4*g - 1. Suppose -a + 3 = -4*a - w, -4*a = 5*w - 7. Give y(a).
-9
Let t(w) be the third derivative of -5*w**4/24 + w**3/6 - 71*w**2. Suppose 4*k + 24 = -0*k. Let o = 5 + k. Give t(o).
6
Let c(t) be the second derivative of -5*t**3/6 + 3*t**2 - 464*t. Give c(7).
-29
Let z(q) = -17*q**3 - 7*q**2 - 4*q - 12. Let k(i) = 12*i**3 + 5*i**2 + 3*i + 8. Let p(x) = 7*k(x) + 5*z(x). Give p(-3).
20
Let i(h) = -5*h + 2*h + 2 + h**2 + 0*h. Determine i(6).
20
Let w(i) = -6*i**3 + 2*i**2 - 1 - 2*i**2. Let g(m) = m**2 + 8*m + 5. Let p be g(-6). Let k = p - -6. Calculate w(k).
5
Let f = 12 + -2. Let q be (f/4 + -2)*8. Suppose q*x + x - 10 = 0. Let h(v) = -2*v**3 + v**2 + 2. Determine h(x).
-10
Suppose -4*m = -5*m + 2. Let h(r) = -r**2 + 16 - m*r - 4 - 11. What is h(2)?
-7
Let c(z) = z**2 + 9*z + 5. Let o(v) = 12*v**2 + 120*v + 66. Let f(n) = -27*c(n) + 2*o(n). Give f(-2).
-9
Suppose 5*z + 0*z = 2*s + 21, s + 3*z = 17. Let j be 10 + -5 + (-9 - s). Let q(i) = -i**3 - 5*i**2 + 5*i - 6. What is q(j)?
0
Let y(k) = k**3. Suppose -12*a = -10*a. Suppose a = -6*r + 10*r - 4. Give y(r).
1
Let c(g) = -2*g - 2*g**2 + g**2 - g - 12 + 11 + 5*g. Give c(-2).
-9
Let m(s) = s**3 - 2*s**2 - s + 2. Suppose 2 + 10 = y. Let l = -15 + y. Let d be ((-2)/l)/((-2)/6). Give m(d).
-12
Let h(s) = -s**3 - s**2 + 2*s + 2. Let p be h(0). Suppose 0 = -4*k + 4*q + 4, 3*k + q - p*q = 7. Let g(t) = 7*t + k + t**2 - 3*t - t + 2*t. Determine g(-6).
9
Let m(i) = i**3 - 1. Let v(p) = -5*p**3 + 6. Let t(j) = 6*m(j) + v(j). Give t(0).
0
Let n be 6/4*(2 - 20/6). Let q(j) = -4*j**2 + 11*j. Let d(u) = -u**2 + 4*u. Let o(x) = n*q(x) + 7*d(x). What is o(-5)?
-5
Let l(x) be the second derivative of -x**3/6 - x**2 - 12*x. Suppose 241*h - 10 = 239*h. Give l(h).
-7
Suppose 0 = 4*b - 19 + 19. Let m(f) = f**3 - f**2 - f + 7. Determine m(b).
7
Suppose 0 = 28*i - 156 - 124. Let b(k) = -3*k + 11. Calculate b(i).
-19
Let t be ((-8)/10)/(12/(-1170)). Suppose 12 = -75*u + t*u. Let b(h) = 2*h + 5. Calculate b(u).
13
Let z = 1686 + -1662. Let n(k) = k**3 - 23*k**2 - 23*k - 25. Give n(z).
-1
Let z(w) be the third derivative of w**5/60 - w**4/24 - w**3/3 - 227*w**2 + 2. Let l(m) = -m**3 - 6*m**2 - 6*m - 5. Let q be l(-5). Give z(q).
-2
Let q(f) = 10 + f**3 - 2*f**3 - 18 - f + 5*f**2. Let k be q(4). Let v(w) = -w**2 + 2*w + 3. What is v(k)?
-5
Let b(o) be the first derivative of o**4/4 + 2*o**3 - 4*o**2 + 4*o + 467. Calculate b(-7).
11
Let c be 4/(-2)*(-7 + 4). Let b(n) = n**3 + 5*n**2 - 6*n + 5. Let q be b(-6). Let j(k) = -q*k + k + c*k + 1 + 1. Give j(-3).
-4
Suppose 6*r - 18 = 2*z + 4*r, -z + 6 = 2*r. Let h(q) = q**2 + 2*q - 1. Calculate h(z).
7
Let z(u) = u**2 - 11*u + 10. Suppose -5*k - 17 = j, -6*k - 20 = -2*k. Let i be j + 0 + -2*(-2 + 1). Determine z(i).
0
Suppose 34*y - 99 = 45*y. Let o(x) = x**3 + 8*x**2 - 12*x - 7. Calculate o(y).
20
Let i(z) = -3*z**2 + 2*z + 1. Let d(a) = a**3 - 8*a**2 - 4*a - 42. Let w be d(9). Give i(w).
-20
Suppose 71*r + 272 = 3*r. Let p(x) = -7*x - 18. Give p(r).
10
Let x(t) be the first derivative of t**2 - 4*t + 2. Let n(f) = -f. Let i be n(-5). Calculate x(i).
6
Suppose -13*t = 31*t + 132. Let w(x) = 3*x**3 + 4*x**2 - x - 2. Give w(t).
-44
Let m(s) be the third derivative of -7*s**4/24 + s**3 - 2*s**2 + 23. Calculate m(-4).
34
Let b = 350 + -344. Let z(n) = -n**2 + 5*n + 8. Calculate z(b).
2
Let x(f) be the third derivative of -f**7/840 - f**6/60 + f**4/8 + 17*f**3/6 - 33*f**2. Let n(l) be the first derivative of x(l). Determine n(-6).
3
Let q be 98/(-16) + (-43)/(-344). Let r(l) = 3*l - 13. Calculate r(q).
-31
Suppose 35 = -8*p + 43. Let w(q) = q**3 + q**2 - q + 2. Let h(b) = -4*b**3 - 12*b**2 + 13*b. Let c(z) = p*h(z) + 3*w(z). Determine c(-10).
6
Let h(f) be the third derivative of -11*f**2 + 0*f**4 - 1/40*f**6 + 0 + 1/6*f**3 + 1/60*f**5 + 0*f. Determine h(2).
-19
Let i(h) be the first derivative of h**3/3 - 3*h**2/2 + 2*h + 27. Give i(3).
2
Let v(u) be the second derivative of u**5/12 + 9*u**2/2 + 5*u. Let l(z) be the first derivative of v(z). What is l(-1)?
5
Let i(z) be the third derivative of z**5/60 - z**4/6 - 2*z**3/3 - 7*z**2. Let x = 18 + -13. Give i(x).
1
Let n(c) = -16*c - 1. Let h be (-1)/3 + 7/3. Suppose -s - h*i = -i, 3 = 4*s + i. Determine n(s).
-17
Let y(j) be the second derivative of -j**3/6 + 23*j**2/2 + j - 3. Give y(10).
13
Let k(a) = -a**3 + 7*a**2 - 8*a - 4. Let v be k(4). Let h(m) = -2 - 3*m + 4*m**2 + 30*m**3 - 20*m**3 + 4 - v*m**3. Determine h(2).
-4
Let j(r) = -r**3 + 18*r**2 + 17*r + 37. Let x be j(19). Let u(h) = 6*h**2 - h**2 + 2*h**3 - h**2 - 2*h**2 - 1. Give u(x).
-1
Let o(v) = v**3 - 3*v**2 - 2*v - 4. Let l(t) = -10*t - 9. Let w be l(-1). Let i be 224/28*w/2. Calculate o(i).
4
Suppose -45 - 17 = -2*p. Let a = -14 + p. Suppose a = -5*i - 4*j, -4*j - 19 = 5*i - j. Let z(d) = d**3 + 6*d**2 + 8*d + 5. Determine z(i).
-10
Let r(v) = 8*v + 87*v**3 - 7*v**2 - 88*v**3 - 2*v + 4*v + 5. What is r(-8)?
-11
Let h(s) = -5*s**3 + 16*s**2 + 2*s. Let d(g) = -9*g**3 + 32*g**2 + 6*g - 2. Let z(a) = 6*d(a) - 11*h(a). Give z(-15).
3
Let b = 206 + -203. Let k(c) = -c**3 + 4*c**2 - 1. Give k(b).
8
Let u be 0*(-4)/(-8) - (-2 + -3). Suppose -2*q = -2*w, -9 = -2*q + 4*w - u. Let h(d) = -4*d**2 - d + 2. What is h(q)?
-12
Let f(l) = 2*l - 7. Let y(a) = a**3 + 5*a**2 + 3*a + 1. Let g be y(-2). Suppose -2*c = -1 - g. Suppose -5*x + 0*x + 37 = 2*t, -3*t = c*x - 38. What is f(t)?
5
Suppose -4*j = 8, -c + 3 = 3*j + 16. Let f(h) = -3*h - 9. Calculate f(c).
12
Let f be 1*(-15)/9*-3. Let a(v) be the second derivative of -v**5/60 - v**4/24 + v**3/6 - 4*v. Let k(m) be the second derivative of a(m). Give k(f).
-11
Let z(c) = -c**2 + 5*c - 1. Let o(p) = p**2 + p + 2. Let d be o(-2). Suppose 0 = -4*t - 16, 7*b - 25 = d*b + 4*t. What is z(b)?
5
Let m(f) be the second derivative of -f**6/240 + f**5/120 + f**4/3 + 5*f. Let o(x) be the third derivative of m(x). Let k be (-9)/(-15) - 2/(-5). Give o(k).
-2
Let w be (-60)/(-24) - ((-2)/(-4))/(-1). Let y(n) = -4*n + 6. What is y(w)?
-6
Suppose 2*n + n = 18. Suppose 18 - n = -3*g. Let v(i) = i**3 + 5*i**2 + 3*i - 3. What is v(g)?
1
Let w(p) = p**2 - 7*p - 9. Let v be w(7). Let x = 7 - v. Let h = x - 18. Let a(j) = j**2 + 1. Give a(h).
5
Let z be -5 + -4*1/(-2). Let o be (3 + z - 1)*-1. Let u(b) = 16*b - 1. What is u(o)?
15
Let z(q) = q**3 - 6*q**2 + 2*q + 5. Let y be (-25 + 15)*1/(-2). Suppose -12 - 13 = -y*k. What is z(k)?
-10
Let v(c) = -37*c**2 + c + 39*c**2 -